s 6 a factor of 1494?
True
Is 3781 a multiple of 10?
False
Is 23 a factor of 2886?
False
Does 44 divide 15928?
True
Is 742 a multiple of 10?
False
Is 3902 a multiple of 23?
False
Is 31672 a multiple of 148?
True
Is 5733 a multiple of 21?
True
Does 20 divide 50745?
False
Is 76 a factor of 1596?
True
Is 27 a multiple of 27?
True
Is 2712 a multiple of 56?
False
Does 521 divide 25008?
True
Is 240 a factor of 44400?
True
Is 12 a factor of 81?
False
Is 4143 a multiple of 54?
False
Does 21 divide 6762?
True
Is 44 a factor of 5746?
False
Does 14 divide 714?
True
Is 13 a factor of 5580?
False
Is 1080 a multiple of 90?
True
Is 16 a factor of 1744?
True
Is 15 a factor of 2460?
True
Does 23 divide 1748?
True
Does 84 divide 31500?
True
Is 41712 a multiple of 88?
True
Does 65 divide 7571?
False
Is 1824 a multiple of 48?
True
Is 2729 a multiple of 9?
False
Is 52 a factor of 520?
True
Is 2 a factor of 166?
True
Is 19554 a multiple of 15?
False
Is 17 a factor of 1451?
False
Is 21982 a multiple of 9?
False
Does 6 divide 437?
False
Is 610 a multiple of 2?
True
Is 1392 a multiple of 73?
False
Is 558 a multiple of 3?
True
Does 31 divide 60607?
False
Is 33210 a multiple of 41?
True
Is 782 a multiple of 23?
True
Is 18 a factor of 654?
False
Is 13 a factor of 255?
False
Is 148 a multiple of 37?
True
Does 46 divide 2388?
False
Is 15236 a multiple of 13?
True
Does 28 divide 7056?
True
Is 5893 a multiple of 83?
True
Is 5 a factor of 287?
False
Is 268 a multiple of 9?
False
Is 50 a factor of 10992?
False
Does 74 divide 814?
True
Is 2 a factor of 1085?
False
Does 90 divide 83600?
False
Is 2564 even?
True
Does 93 divide 8370?
True
Does 26 divide 21944?
True
Is 30 a multiple of 10?
True
Does 3 divide 953?
False
Is 20 a factor of 75114?
False
Does 2 divide 2546?
True
Does 43 divide 172?
True
Is 23 a factor of 789?
False
Is 16 a factor of 656?
True
Is 14 a factor of 4894?
False
Is 1887 a multiple of 22?
False
Is 12 a factor of 135576?
True
Is 4 a factor of 100?
True
Does 4 divide 161?
False
Is 10 a factor of 197?
False
Is 12 a factor of 5464?
False
Does 88 divide 4928?
True
Is 55 a multiple of 5?
True
Does 21 divide 840?
True
Is 7 a factor of 418?
False
Is 840 a multiple of 60?
True
Is 3 a factor of 150?
True
Is 93115 a multiple of 39?
False
Does 5 divide 654?
False
Is 446 a multiple of 6?
False
Does 3 divide 1036?
False
Does 73 divide 4526?
True
Is 8910 a multiple of 135?
True
Is 18 a factor of 10446?
False
Is 53 a factor of 8683?
False
Does 80 divide 3719?
False
Is 8 a factor of 43843?
False
Is 7 a factor of 1323?
True
Does 14 divide 98?
True
Does 3 divide 102?
True
Is 6 a factor of 5153?
False
Is 1319 a multiple of 4?
False
Is 17986 a multiple of 25?
False
Is 12 a factor of 194?
False
Is 204 a factor of 127500?
True
Is 33 a factor of 693?
True
Does 7 divide 366?
False
Does 214 divide 67285?
False
Is 2 a factor of 188?
True
Is 14346 a multiple of 18?
True
Does 8 divide 26165?
False
Is 21 a factor of 1023?
False
Does 8 divide 262?
False
Does 20 divide 1280?
True
Is 256 a factor of 38656?
True
Is 42717 a multiple of 17?
False
Is 40 a factor of 3809?
False
Does 4 divide 1387?
False
Is 144 a multiple of 24?
True
Is 24990 a multiple of 49?
True
Is 27297 even?
False
Is 22 a factor of 21031?
False
Is 109 a factor of 14170?
True
Is 5 a factor of 175?
True
Is 180 a multiple of 36?
True
Is 38 a factor of 4582?
False
Is 7 a factor of 1337?
True
Is 6 a factor of 1415?
False
Is 36881 a multiple of 13?
True
Does 16 divide 576?
True
Is 29 a factor of 21141?
True
Is 88 a multiple of 4?
True
Does 138 divide 4699?
False
Is 684 a multiple of 38?
True
Is 12814 a multiple of 82?
False
Is 18 a factor of 388?
False
Is 42 a factor of 18858?
True
Is 15 a factor of 9046?
False
Is 10 a factor of 1591?
False
Does 55 divide 414?
False
Is 2280 a multiple of 30?
True
Does 8 divide 12280?
True
Is 27 a factor of 11286?
True
Does 57 divide 47766?
True
Does 8 divide 13784?
True
Is 6 a factor of 168?
True
Is 4368 a multiple of 48?
True
Does 19 divide 7249?
False
Does 16 divide 3200?
True
Is 9 a factor of 2216?
False
Does 3 divide 10?
False
Is 16586 a multiple of 167?
False
Does 80 divide 1840?
True
Is 7700 a multiple of 110?
True
Is 880 a multiple of 8?
True
Does 10 divide 6850?
True
Is 8 a factor of 841?
False
Does 3 divide 278?
False
Is 601 a multiple of 28?
False
Does 19 divide 228?
True
Is 4961 a multiple of 121?
True
Does 24 divide 14432?
False
Is 4588 a multiple of 74?
True
Does 11 divide 330?
True
Does 8 divide 1094?
False
Does 10 divide 11170?
True
Is 273 a multiple of 13?
True
Does 23 divide 366?
False
Does 133 divide 20083?
True
Is 2865 a multiple of 68?
False
Is 24 a factor of 1920?
True
Is 396 a multiple of 13?
False
Is 2125 a multiple of 23?
False
Is 2334 a multiple of 43?
False
Is 942 a multiple of 21?
False
Does 23 divide 529?
True
Is 95 a multiple of 11?
False
Is 23 a factor of 18561?
True
Does 21 divide 13566?
True
Is 5 a factor of 4065?
True
Does 19 divide 54?
False
Is 9 a factor of 322?
False
Is 12413 a multiple of 43?
False
Does 3 divide 121?
False
Is 17 a factor of 3412?
False
Is 102342 a multiple of 448?
False
Is 4565 a multiple of 272?
False
Does 9 divide 8109?
True
Is 51 a factor of 888?
False
Is 119 a multiple of 3?
False
Is 18414 a multiple of 18?
True
Does 13 divide 845?
True
Is 3440 a multiple of 20?
True
Does 89 divide 17531?
False
Is 15 a factor of 48795?
True
Is 3596 a multiple of 31?
True
Is 492 a multiple of 7?
False
Is 29 a factor of 50552?
False
Is 985 a multiple of 17?
False
Does 104 divide 27947?
False
Is 61 a factor of 16043?
True
Is 1639 a multiple of 12?
False
Does 67 divide 18090?
True
Is 14625 a multiple of 23?
False
Does 13 divide 1300?
True
Is 234 a factor of 63956?
False
Does 20 divide 40?
True
Does 49 divide 1240?
False
Is 10 a factor of 43552?
False
Is 49 a factor of 2360?
False
Does 22 divide 5859?
False
Is 2340 a multiple of 6?
True
Is 51552 a multiple of 18?
True
Does 135 divide 2152?
False
Is 50 a factor of 1266?
False
Does 18 divide 34902?
True
Is 75 a factor of 75?
True
Is 6 a factor of 48?
True
Does 17 divide 935?
True
Does 13 divide 3978?
True
Does 14 divide 1288?
True
Is 15567 a multiple of 3?
True
Does 10 divide 69602?
False
Does 25 divide 32675?
True
Is 3 a factor of 33?
True
Is 272 a multiple of 4?
True
Is 3726 a multiple of 3?
True
Is 2001 a multiple of 69?
True
Is 66 a factor of 40129?
False
Is 34 a factor of 1302?
False
Is 2942 a multiple of 19?
False
Is 63 a factor of 441?
True
Does 14 divide 52562?
False
Does 22 divide 1687?
False
Is 7 a factor of 17?
False
Is 3883 a multiple of 22?
False
Is 4 a factor of 13?
False
Is 30 a factor of 2794?
False
Is 11 a factor of 231?
True
Is 35 a factor of 39232?
False
Does 27 divide 5022?
True
Is 47 a factor of 572?
False
Does 11 divide 528?
True
Does 62 divide 4908?
False
Is 72 a multiple of 12?
True
Is 4916 a multiple of 25?
False
Is 99 a factor of 19107?
True
Is 15 a factor of 2475?
True
Is 12 a factor of 666?
False
Is 5785 a multiple of 6?
False
Does 4 divide 115?
False
Is 222 a multiple of 3?
True
Is 102 a factor of 707?
False
Is 21 a factor of 1197?
True
Does 12 divide 261?
False
Does 23 divide 1611?
False
Is 12160 a multiple of 62?
False
Does 59 divide 9597?
False
Is 1076 a multiple of 53?
False
Is 11 a multiple of 5?
False
Does 50 divide 1483?
False
Is 15 a factor of 75?
True
Does 28 divide 1483?
False
Is 504 a multiple of 84?
True
Does 321 divide 21607?
False
Is 83 a factor of 12243?
False
Is 141 a multiple of 3?
True
Does 54 divide 4104?
True
Is 61 a factor of 5248?
False
Is 3 a factor of 2524?
False
Does 11 divide 1104?
False
Does 71 divide 11670?
False
Does 9 divide 35010?
True
Is 190 even?
True
Is 780 a multiple of 5?
True
Is 1632 a multiple of 17?
True
Is 39 a factor of 468?
True
Does 57 divide 14592?
True
Does 19 divide 3588?
False
Does 84 divide 4116?
True
Is 7 a factor of 595?
True
Does 8 divide 2096?
True
Is 3449 a multiple of 20?
False
Is 22 a factor of 55358?
False
Does 108 divide 2742?
False
Is 9 a factor of 21208?
False
Does 26 divide 100152?
True
Is 504 a multiple of 15?
False
Is 20 a factor of 134540?
True
Is 1344 a multiple of 12?
True
Does 35 divide 455?
True
Is 5 a factor of 12914?
False
Does 41 divide 1026?
False
Does 73 divide 26677?
False
Is 16 a factor of 4988?
False
Is 7392 a